{"id":61,"date":"2016-03-19T21:49:52","date_gmt":"2016-03-19T19:49:52","guid":{"rendered":"http:\/\/www.daio.web.tr\/firmalar\/balet\/?page_id=61"},"modified":"2016-03-19T22:07:01","modified_gmt":"2016-03-19T20:07:01","slug":"urunlerimiz","status":"publish","type":"page","link":"https:\/\/www.balet.com.tr\/index.php\/urunlerimiz\/","title":{"rendered":"\u00dcR\u00dcNLER\u0130M\u0130Z"},"content":{"rendered":"<h2><strong>P\u0130DELER<\/strong><\/h2>\n<p><img loading=\"lazy\" class=\"alignnone wp-image-63 size-full\" src=\"http:\/\/www.daio.web.tr\/firmalar\/balet\/wp-content\/uploads\/2016\/03\/balet-5.jpg\" alt=\"balet-5\" width=\"800\" height=\"530\" srcset=\"https:\/\/www.balet.com.tr\/wp-content\/uploads\/2016\/03\/balet-5.jpg 800w, https:\/\/www.balet.com.tr\/wp-content\/uploads\/2016\/03\/balet-5-300x199.jpg 300w, https:\/\/www.balet.com.tr\/wp-content\/uploads\/2016\/03\/balet-5-768x509.jpg 768w\" sizes=\"(max-width: 800px) 100vw, 800px\" \/> <img loading=\"lazy\" class=\"alignnone wp-image-64 size-full\" src=\"http:\/\/www.daio.web.tr\/firmalar\/balet\/wp-content\/uploads\/2016\/03\/balet-k\u0131ymal\u0131-kar\u015f\u0131k-a\u00e7\u0131k-pide.jpg\" alt=\"balet-k\u0131ymal\u0131 kar\u015f\u0131k a\u00e7\u0131k pide\" width=\"800\" height=\"530\" srcset=\"https:\/\/www.balet.com.tr\/wp-content\/uploads\/2016\/03\/balet-k\u0131ymal\u0131-kar\u015f\u0131k-a\u00e7\u0131k-pide.jpg 800w, https:\/\/www.balet.com.tr\/wp-content\/uploads\/2016\/03\/balet-k\u0131ymal\u0131-kar\u015f\u0131k-a\u00e7\u0131k-pide-300x199.jpg 300w, https:\/\/www.balet.com.tr\/wp-content\/uploads\/2016\/03\/balet-k\u0131ymal\u0131-kar\u015f\u0131k-a\u00e7\u0131k-pide-768x509.jpg 768w\" sizes=\"(max-width: 800px) 100vw, 800px\" \/> <img loading=\"lazy\" class=\"alignnone wp-image-65 size-full\" src=\"http:\/\/www.daio.web.tr\/firmalar\/balet\/wp-content\/uploads\/2016\/03\/balet-k\u0131ymal\u0131-pide.jpg\" alt=\"balet-k\u0131ymal\u0131 pide\" width=\"800\" height=\"530\" srcset=\"https:\/\/www.balet.com.tr\/wp-content\/uploads\/2016\/03\/balet-k\u0131ymal\u0131-pide.jpg 800w, https:\/\/www.balet.com.tr\/wp-content\/uploads\/2016\/03\/balet-k\u0131ymal\u0131-pide-300x199.jpg 300w, https:\/\/www.balet.com.tr\/wp-content\/uploads\/2016\/03\/balet-k\u0131ymal\u0131-pide-768x509.jpg 768w\" sizes=\"(max-width: 800px) 100vw, 800px\" \/><\/p>\n<h2><strong>IZGARALAR<\/strong><\/h2>\n<p><img loading=\"lazy\" class=\"alignnone wp-image-66 size-full\" src=\"http:\/\/www.daio.web.tr\/firmalar\/balet\/wp-content\/uploads\/2016\/03\/balet-1.jpg\" alt=\"balet-1\" width=\"800\" height=\"530\" srcset=\"https:\/\/www.balet.com.tr\/wp-content\/uploads\/2016\/03\/balet-1.jpg 800w, https:\/\/www.balet.com.tr\/wp-content\/uploads\/2016\/03\/balet-1-300x199.jpg 300w, https:\/\/www.balet.com.tr\/wp-content\/uploads\/2016\/03\/balet-1-768x509.jpg 768w\" sizes=\"(max-width: 800px) 100vw, 800px\" \/> <img loading=\"lazy\" class=\"alignnone wp-image-67 size-full\" src=\"http:\/\/www.daio.web.tr\/firmalar\/balet\/wp-content\/uploads\/2016\/03\/balet-2.jpg\" alt=\"balet-2\" width=\"800\" height=\"530\" srcset=\"https:\/\/www.balet.com.tr\/wp-content\/uploads\/2016\/03\/balet-2.jpg 800w, https:\/\/www.balet.com.tr\/wp-content\/uploads\/2016\/03\/balet-2-300x199.jpg 300w, https:\/\/www.balet.com.tr\/wp-content\/uploads\/2016\/03\/balet-2-768x509.jpg 768w\" sizes=\"(max-width: 800px) 100vw, 800px\" \/> <img loading=\"lazy\" class=\"alignnone wp-image-68 size-full\" src=\"http:\/\/www.daio.web.tr\/firmalar\/balet\/wp-content\/uploads\/2016\/03\/balet-4.jpg\" alt=\"balet-4\" width=\"800\" height=\"530\" srcset=\"https:\/\/www.balet.com.tr\/wp-content\/uploads\/2016\/03\/balet-4.jpg 800w, https:\/\/www.balet.com.tr\/wp-content\/uploads\/2016\/03\/balet-4-300x199.jpg 300w, https:\/\/www.balet.com.tr\/wp-content\/uploads\/2016\/03\/balet-4-768x509.jpg 768w\" sizes=\"(max-width: 800px) 100vw, 800px\" \/> <img loading=\"lazy\" class=\"alignnone wp-image-69 size-full\" src=\"http:\/\/www.daio.web.tr\/firmalar\/balet\/wp-content\/uploads\/2016\/03\/balet-6.jpg\" alt=\"balet-6\" width=\"800\" height=\"530\" srcset=\"https:\/\/www.balet.com.tr\/wp-content\/uploads\/2016\/03\/balet-6.jpg 800w, https:\/\/www.balet.com.tr\/wp-content\/uploads\/2016\/03\/balet-6-300x199.jpg 300w, https:\/\/www.balet.com.tr\/wp-content\/uploads\/2016\/03\/balet-6-768x509.jpg 768w\" sizes=\"(max-width: 800px) 100vw, 800px\" \/> <img loading=\"lazy\" class=\"alignnone wp-image-70 size-full\" src=\"http:\/\/www.daio.web.tr\/firmalar\/balet\/wp-content\/uploads\/2016\/03\/balet-ka\u015farl\u0131-k\u00f6fte-sucuk-ve-pirzola.jpg\" alt=\"balet-ka\u015farl\u0131 k\u00f6fte sucuk ve pirzola\" width=\"800\" height=\"530\" srcset=\"https:\/\/www.balet.com.tr\/wp-content\/uploads\/2016\/03\/balet-ka\u015farl\u0131-k\u00f6fte-sucuk-ve-pirzola.jpg 800w, https:\/\/www.balet.com.tr\/wp-content\/uploads\/2016\/03\/balet-ka\u015farl\u0131-k\u00f6fte-sucuk-ve-pirzola-300x199.jpg 300w, https:\/\/www.balet.com.tr\/wp-content\/uploads\/2016\/03\/balet-ka\u015farl\u0131-k\u00f6fte-sucuk-ve-pirzola-768x509.jpg 768w\" sizes=\"(max-width: 800px) 100vw, 800px\" \/> <img loading=\"lazy\" class=\"alignnone wp-image-71 size-full\" src=\"http:\/\/www.daio.web.tr\/firmalar\/balet\/wp-content\/uploads\/2016\/03\/balet-k\u00fc\u015fleme-pirzola.jpg\" alt=\"balet-k\u00fc\u015fleme pirzola\" width=\"800\" height=\"530\" srcset=\"https:\/\/www.balet.com.tr\/wp-content\/uploads\/2016\/03\/balet-k\u00fc\u015fleme-pirzola.jpg 800w, https:\/\/www.balet.com.tr\/wp-content\/uploads\/2016\/03\/balet-k\u00fc\u015fleme-pirzola-300x199.jpg 300w, https:\/\/www.balet.com.tr\/wp-content\/uploads\/2016\/03\/balet-k\u00fc\u015fleme-pirzola-768x509.jpg 768w\" sizes=\"(max-width: 800px) 100vw, 800px\" \/> <img loading=\"lazy\" class=\"alignnone wp-image-72 size-full\" src=\"http:\/\/www.daio.web.tr\/firmalar\/balet\/wp-content\/uploads\/2016\/03\/balet-lokum.jpg\" alt=\"balet-lokum\" width=\"800\" height=\"530\" srcset=\"https:\/\/www.balet.com.tr\/wp-content\/uploads\/2016\/03\/balet-lokum.jpg 800w, https:\/\/www.balet.com.tr\/wp-content\/uploads\/2016\/03\/balet-lokum-300x199.jpg 300w, https:\/\/www.balet.com.tr\/wp-content\/uploads\/2016\/03\/balet-lokum-768x509.jpg 768w\" sizes=\"(max-width: 800px) 100vw, 800px\" \/><\/p>\n<h2><strong>TATLILAR<\/strong><\/h2>\n<p><img loading=\"lazy\" class=\"alignnone wp-image-73 size-full\" src=\"http:\/\/www.daio.web.tr\/firmalar\/balet\/wp-content\/uploads\/2016\/03\/balet-havu\u00e7-dilim-baklava.jpg\" alt=\"balet-havu\u00e7 dilim baklava\" width=\"800\" height=\"530\" srcset=\"https:\/\/www.balet.com.tr\/wp-content\/uploads\/2016\/03\/balet-havu\u00e7-dilim-baklava.jpg 800w, https:\/\/www.balet.com.tr\/wp-content\/uploads\/2016\/03\/balet-havu\u00e7-dilim-baklava-300x199.jpg 300w, https:\/\/www.balet.com.tr\/wp-content\/uploads\/2016\/03\/balet-havu\u00e7-dilim-baklava-768x509.jpg 768w\" sizes=\"(max-width: 800px) 100vw, 800px\" \/><\/p>\n","protected":false},"excerpt":{"rendered":"<p>P\u0130DELER IZGARALAR TATLILAR<\/p>\n","protected":false},"author":1,"featured_media":0,"parent":0,"menu_order":0,"comment_status":"closed","ping_status":"closed","template":"","meta":[],"_links":{"self":[{"href":"https:\/\/www.balet.com.tr\/index.php\/wp-json\/wp\/v2\/pages\/61"}],"collection":[{"href":"https:\/\/www.balet.com.tr\/index.php\/wp-json\/wp\/v2\/pages"}],"about":[{"href":"https:\/\/www.balet.com.tr\/index.php\/wp-json\/wp\/v2\/types\/page"}],"author":[{"embeddable":true,"href":"https:\/\/www.balet.com.tr\/index.php\/wp-json\/wp\/v2\/users\/1"}],"replies":[{"embeddable":true,"href":"https:\/\/www.balet.com.tr\/index.php\/wp-json\/wp\/v2\/comments?post=61"}],"version-history":[{"count":5,"href":"https:\/\/www.balet.com.tr\/index.php\/wp-json\/wp\/v2\/pages\/61\/revisions"}],"predecessor-version":[{"id":94,"href":"https:\/\/www.balet.com.tr\/index.php\/wp-json\/wp\/v2\/pages\/61\/revisions\/94"}],"wp:attachment":[{"href":"https:\/\/www.balet.com.tr\/index.php\/wp-json\/wp\/v2\/media?parent=61"}],"curies":[{"name":"wp","href":"https:\/\/api.w.org\/{rel}","templated":true}]}}